*z. Determine y(j).
0
Suppose 4*t + 4 = -4*m + 16, -5*t = 10. Let w be (-2)/(0 + (-4)/6). Let y(u) = u - 3 - w*u - 3*u - 34*u**2 + 35*u**2. Calculate y(m).
-3
Suppose 4 = -0*w + w. Suppose 3*a - 3*h - 2*h - 36 = 0, w*h - 23 = -5*a. Let v(n) = -n**2 + 8*n - 1. Give v(a).
6
Suppose 4*b - 3*c = -0*b + 36, 0 = 4*b + 5*c - 4. Suppose -v = -2*v + 13. Let j(d) = 0 + 3 + v*d - d**2 - 7*d. What is j(b)?
3
Let w(j) = j**3 - 9*j**2 + 8*j - 10. Suppose 2*n - 5*n + 4*l = -346, -4*n + 2*l + 458 = 0. Let h = n + -106. Give w(h).
-10
Let t(k) be the first derivative of 7*k**2/2 - 7*k - 236. What is t(3)?
14
Suppose -4*s - 29*s = -66. Let m(x) be the second derivative of 2*x - 7/12*x**4 + 1/6*x**3 + 0 + 0*x**s. Give m(1).
-6
Let j(x) = x**3 + x**2 + x. Let l(p) = 3*p**3 + 9*p**2 + 4. Let y(o) = -4*j(o) + l(o). Let u = -652 - -655. What is y(u)?
10
Let s(k) be the second derivative of 0 + 7/2*k**2 - 30*k + 1/12*k**4 - k**3. What is s(5)?
2
Let k be 5 - -4*3/(-12). Let u(o) = o**2 - 2*o. Calculate u(k).
8
Let x(s) be the second derivative of s**7/2520 + s**6/144 - s**5/20 + 2*s**4/3 - 2*s. Let d(r) be the third derivative of x(r). Determine d(-5).
-6
Let j(x) = 2*x**2 - 7*x - 2. Let f be j(4). Suppose f*i - 7 = i - 5*w, -1 = i + w. Let u(s) = s. Calculate u(i).
-3
Let n(z) = 3*z**2 - 2*z - 2. Let i(o) = o**3 + 4*o**2 + 6*o + 2. Let d be ((-6)/4 + 0)/((-24)/(-32)). Let u be i(d). Calculate n(u).
14
Let r(y) = y**3 - 5*y**2 - 2*y + 6. Let l(t) = -7*t - 4. Let o(v) = -4 + 3 + 5 + 3 + 15*v. Let m(w) = -13*l(w) - 6*o(w). Let u be m(-5). Determine r(u).
-4
Let j(r) = -3*r + 1. Let p = 319 - 318. What is j(p)?
-2
Let k(v) be the third derivative of -v**4/8 + 5*v**3/6 + 2*v**2. Let l = 1687 - 1683. Calculate k(l).
-7
Suppose 15 = 7*t - 6. Suppose 0 = -5*j - u - 13, -j - 3*u + t = 14. Let l(n) be the third derivative of n**4/12 - n**3/3 + 2*n**2. Determine l(j).
-6
Let f(v) be the first derivative of -v**2 + 3*v + 545. What is f(-13)?
29
Let v(i) = 12*i - 56. Let a be v(5). Let s(g) = -g + 2. Determine s(a).
-2
Let p(d) be the second derivative of -d**3/2 - 2*d**2 - 3*d. Let r be (1 - 2)/((-27)/(-81)). What is p(r)?
5
Let b(f) = -f**3 - 3*f**2 + 6*f + 1. Suppose -19 = 3*w - 4. Suppose -g = -2*s - 2, -8 = -4*g + 8. Let j = w + s. What is b(j)?
-7
Suppose -l = 4*f + 81, 3*l - 147 + 33 = 5*f. Let n be -2*(f/2)/(-7). Let p(j) = -j**2 - 8*j - 4. Determine p(n).
11
Let z(k) = -1 + 0 + 10*k - 11*k. Let j be 15/(-20) + (-1)/4. Let w(r) = 5. Let m(s) = j*w(s) - 5*z(s). Calculate m(-2).
-10
Let d(r) be the third derivative of r**4/24 - 7*r**3/3 - 5*r**2. Let f be d(12). Let i(a) = 11*a + 3. Determine i(f).
-19
Let z(s) = -14*s - 2 + 3 - 6*s**2 - s + 7*s**2 + s**2. What is z(6)?
-17
Let r(w) be the second derivative of -w**3/6 + 2*w**2 + 8*w - 2. Let l(m) = m**3 - 5*m**2 + 2*m + 4. Let c be l(4). What is r(c)?
8
Suppose 11*w + 120 = 43. Let q(s) = 3*s + 24. Calculate q(w).
3
Suppose -2*i + 5 = 3*a, 4*a = -4*i - 3 + 7. Suppose -3*t = 2*p - 6, a*p = -p - 3*t. Let j(h) = 2 - 5 + 17*h**2 - 16*h**2. What is j(p)?
6
Suppose 2*s + 0*s + 14 = 0. Let o = -105 + 107. Let h(x) = 4*x - 4 + 8*x**2 - 11*x**2 + 2*x + 4*x**o. Give h(s).
3
Let z(d) be the second derivative of -3*d**3 + 5*d**2/2 + 830*d. Determine z(4).
-67
Let t(x) be the second derivative of x**5/20 + x**4/4 - x**3/3 + x. Let k(z) = -z + 20. Let v be k(16). Let l = -6 + v. What is t(l)?
8
Suppose -5*r + 2*b + 63 = 0, -4*b = 5*r - 2*r - 17. Suppose r = 2*n - 1. Let t(a) = 2*a. Let j(i) = -i**2 + 14*i - 4. Let d(v) = -j(v) + 3*t(v). What is d(n)?
-8
Suppose -3*b + 10 = -0*d - d, 0 = 3*d + 2*b + 8. Let u be d/8 + (-22)/4. Let f(g) be the first derivative of -g**3/3 - 3*g**2 + 3*g + 958. What is f(u)?
3
Let z(w) be the second derivative of -w**4/12 + 5*w**3/3 - 25*w**2/2 - 284*w. Give z(7).
-4
Let f(l) = -l - 6. Suppose 5*z = 8*z + 3*h, 2*z + 16 = 2*h. Give f(z).
-2
Let i be (4/10)/(1/5). Suppose -12 = -4*g, h + 6 = -4*g + 20. Let y(k) = 0*k**i + k - k**2 - k**h + 3 + k**2. Calculate y(-3).
-9
Let g be -10 - -3 - -8 - -3. Let a(m) = -m**2 + 3*m - 5. Calculate a(g).
-9
Let n(c) = 93*c**2 + 65*c - 81. Let k(y) = -34*y**2 - 22*y + 27. Let m(t) = 11*k(t) + 4*n(t). Determine m(8).
-11
Suppose 0 = 4*h, -3 = -3*s + 2*h + 3. Let n(p) = 10*p - s*p**2 + 1 - p - 23*p + 10*p. Give n(-3).
-5
Let q(r) = 5*r**3 - 6 + 8 - 9*r**2 + r - 6*r. Let h(b) = 10*b**2 - b**2 - 3 + 4*b - 6*b**3 + 2*b**3 - b**2. Let j(g) = 4*h(g) + 3*q(g). Calculate j(5).
-1
Let u(p) be the first derivative of -1/3*p**3 + 2 + 6*p - 2*p**2. Suppose 5 = -g - 1. Give u(g).
-6
Let z be 1/1 + -7 + 8. Suppose 0 = -z*i + 4*t - 6*t - 6, 3*t = -i - 1. Let w(g) be the second derivative of -g**3/6 - 2*g**2 + 23*g. Give w(i).
0
Let l be (-4 + 5)/((-39)/(-45) + 20/(-30)). Let j(q) be the first derivative of q**2/2 - 6*q + 2. Calculate j(l).
-1
Let s(q) = -q**3 - 4*q**2. Let a(v) = -v - 7. Suppose -c + 2*c = 3*h, -4*h = 3*c - 52. Suppose 4*t + 4 = -c. Let j be a(t). Give s(j).
-9
Let s = -128 + 107. Let x(m) = -m - 24. Let a be x(s). Let j(v) = v**3 + 2*v**2 - 3*v + 2. Calculate j(a).
2
Suppose r + 3*r - 16 = 0. Let n(v) = 1 + 3 - r + 2 - 5*v. Let c be n(1). Let g(b) = b**2 + 3*b + 1. What is g(c)?
1
Let x(h) be the second derivative of h**4/2 + h**3/6 + h**2/2 + 6*h. Let g(y) = -y. Let i(q) = -2*g(q) - x(q). Give i(1).
-6
Let s(p) = -4*p**2 + 3*p - 1. Let y(b) = 2*b - 2. Let c be y(-5). Let q = -7 - c. Let h be (q/(-10))/((-1)/4). What is s(h)?
-11
Suppose -3*j + 3 = -5*w, 4*j + 2*w + 43 = 47. Let o(v) = v**3 - 2*v**2 + 4*v - 2. Give o(j).
1
Let h(r) = 10*r**3 + 12*r**2 + 10*r + 5. Let s(a) = 9*a**3 + 11*a**2 + 9*a + 4. Let n(k) = -7*h(k) + 8*s(k). Determine n(-3).
-27
Suppose t + 324 = 109*t. Let u(g) = -2*g**2 - g + 1. Let z(k) = 3*k**2 + 3*k - 3. Let p(y) = 5*u(y) + 3*z(y). Determine p(t).
-1
Let a be (2/6)/((-1)/(-12)). Suppose -2*p + 20 = a*u, -2*u - u + 29 = 5*p. Let v(d) = -1 + 7*d**2 - 2*d**2 + 2*d - 3*d**2 - 3*d**2. Calculate v(u).
-4
Let w(q) = -3 + q + 5*q**2 - 4*q**2 + 7. Let u = 2 - 1. Let b(j) = -j + 1. Let i(h) = u*w(h) - 5*b(h). Determine i(-5).
-6
Let x(p) = 2*p**3 + 4*p**2 - 3*p + 4. Let f be (-10 + 9)*(2 - -1). Calculate x(f).
-5
Let c(a) = -2*a**2 + 25*a - 5. Let u = -34 + 46. What is c(u)?
7
Let o(y) be the second derivative of -y**4/12 + 5*y**3/6 - y + 6. Determine o(3).
6
Let q(b) = b**2 - 8*b + 6. Let s be q(6). Let a = -18 - -20. Let h(z) = 8 + 7*z + 9*z**2 - 4*z**2 - 4*z**a. Determine h(s).
2
Let d(o) = -o**2 - 7*o - 4. Suppose 2*m = -m - 3. Let b = 3 + m. Suppose -2*t = 5*x, -t - b*t - 11 = 2*x. Determine d(t).
6
Let a(f) = f**2 - f. Let z(v) = -10*v**2 - v - 7. Let l(b) = 3*a(b) + z(b). Let t(q) = -20*q**2 - 11*q - 20. Let x(u) = 17*l(u) - 6*t(u). Calculate x(1).
0
Let l(g) be the first derivative of g**4/4 + 7*g**3/3 - 4*g**2 - 9*g - 6. Let p(f) = 10*f - 78. Let s be p(7). What is l(s)?
-9
Suppose -5*b - 9 = 51. Let n = -8 - b. Let j(s) = s**2 - 4*s + 4. Let d be j(n). Let q(r) = -r - 1. Determine q(d).
-5
Let q(z) = -5*z**2 + 6*z - 5. Let m(h) = -40 + 14*h**2 + 30 + 26 - 19*h. Let k(d) = -4*m(d) - 11*q(d). Give k(9).
0
Suppose 11 = 6*y - 1. Let d(n) = 3 - n**2 + n**3 - 3 - 2*n**y - 6*n. Give d(5).
20
Let j(s) = s - 5. Let c(h) = 3*h**3 + 2*h**2 - 2*h + 1. Suppose -p = 2*p - 3. Let o be c(p). Calculate j(o).
-1
Let f = 6 + 4. Let o(j) = j**2 + 10*j + 3 - 26*j + f*j. Give o(4).
-5
Suppose 6*x + 36 = -84. Let u(z) = z**2 + 20*z - 1. Let d be u(x). Let t(r) = -r**3 - r**2 + r. Give t(d).
-1
Let n(b) = b**3 + b**2 + 3*b - 4. Let m(u) = u - 1. Let i(x) = -5*m(x) + n(x). Let k = -14 + 17. Suppose 3*t - 6 = 5*t - 5*l, -5*l = -k*t - 4. Determine i(t).
9
Let k(v) = -127*v + 2286. Let b be k(18). Let u(s) = -s**2 - s - 3. Let i(m) = -m**2 + 1. Let p(a) = -2*i(a) + u(a). Determine p(b).
-5
Let h = 104 - 101. Let x(z) = z**3 + 2*z**2 - 4*z + 3. Determine x(h).
36
Let o(q) be the second derivative of -2*q**3/3 + q**2/2 + 79*q. What is o(1)?
-3
Let b = 25 - 23. Let q(g) = -g**b - 18 + 13 + 27. Give q(0).
22
Let y(o) be the second derivative of -o**5/20 + o**4/4 + 2*o**3/3 - 3*o**2 - 1020*o. Suppose 0*j + 2*j - 8 = 0. Give y(j).
-6
Let a(x) = 3 - 2*x + 2*x - 4*x. Let d be 12/(-30) + 17/5. Suppose d*m - 9 = -0*m. What is a(m)?
-9
Let t(s) be the first derivative of s**3/3 -